6. Determine l(-7).
8
Let r(d) = d**3 + 8*d**2 - 7*d - 98. Give r(-6).
16
Let d(w) = -271*w - 4298. Calculate d(-16).
38
Let w(l) = -l**3 + 46*l**2 + 145*l + 138. Determine w(49).
40
Let k(j) = -636*j**3 - 5*j**2 - 4*j + 7. Calculate k(1).
-638
Let o(x) = x**3 + 13*x + 62. Calculate o(-3).
-4
Let t(j) = 42*j**3 - 8*j**2 - j + 4. Give t(-1).
-45
Let b(n) = n**3 - 15*n**2 - 13*n - 184. Determine b(17).
173
Let t(z) = -z**2 - 51*z - 100. Determine t(-2).
-2
Let t(p) = 111*p - 997. Calculate t(9).
2
Let z(c) = -c**3 + 11*c**2 + 24*c + 37. Give z(13).
11
Let y(z) = -2*z**3 + 48*z**2 + z + 14. What is y(24)?
38
Let a(q) = -2*q**3 - 57*q**2 + 11*q - 346. Give a(-29).
176
Let b(n) = n**2 - 67*n + 654. Determine b(55).
-6
Let y(d) = d**2 + 20*d + 267. What is y(-18)?
231
Let k(y) = -y**2 + 194*y - 760. Calculate k(4).
0
Let n(m) = 3*m**2 - 145*m - 6100. Calculate n(-27).
2
Let a(f) = -3*f**2 - 59*f - 123. Give a(-17).
13
Let l(a) = -6941*a + 83247. Calculate l(12).
-45
Let c(l) = -l**3 + 14*l**2 + 27*l + 401. Calculate c(17).
-7
Let n(j) = -19*j**2 + 608*j - 14. Calculate n(32).
-14
Let t(n) = n**3 + 20*n**2 + 46*n - 54. Determine t(-16).
234
Let h(b) = -3*b**2 + 26*b - 18. Give h(7).
17
Let x(g) = -g**3 + 5*g**2 + 14*g - 17. Determine x(6).
31
Let f(l) = -4*l**3 - 37*l**2 - 267*l - 2968. What is f(-10)?
2
Let x(a) = a**3 + 63*a**2 + 887*a + 90. Give x(-21).
-15
Let p(o) = 12*o + 721. Calculate p(-60).
1
Let z(w) = w**2 + 386*w - 5606. What is z(14)?
-6
Let g(m) = 3*m**2 - 43*m - 84. What is g(15)?
-54
Let o(t) = -117*t - 1269. Calculate o(-13).
252
Let g(j) = -1248*j - 47418. Determine g(-38).
6
Let b(i) = 27*i - 47. Calculate b(2).
7
Let x(j) = 5*j**2 - 325*j + 271. Calculate x(64).
-49
Let l(j) = -74*j + 323. Give l(4).
27
Let a(v) = -v**2 + 38*v + 26. Give a(39).
-13
Let z(k) = -1087*k + 2169. Give z(2).
-5
Let d(o) = 7*o**3 - 180*o**2 + 123*o + 41. Calculate d(25).
-9
Let k(x) = -x**2 + 22*x - 127. Calculate k(11).
-6
Let t(f) = -2*f**3 - 32*f**2 + 30*f - 67. What is t(-17)?
1
Let v(q) = -8*q. Calculate v(-2).
16
Let x(s) = 2*s**2 - 266*s + 7211. What is x(95)?
-9
Let v(i) = 56*i + 857. What is v(-20)?
-263
Let c(w) = -36*w**3 + 19*w**2 - 21*w + 13. What is c(1)?
-25
Let p(l) = -9*l**2 - l - 100. Calculate p(0).
-100
Let h(r) = -r**2 + 49*r + 125. Calculate h(51).
23
Let v(t) = 21*t - 216. Give v(10).
-6
Let o(a) = 4*a**2 - 74*a - 31. What is o(20)?
89
Let x(k) = 403*k - 5. Determine x(-1).
-408
Let m(g) = 3*g**2 - 28*g + 135. Calculate m(15).
390
Let p(q) = -61*q - 69. What is p(-6)?
297
Let i(g) = -g**3 + 19*g**2 - 66*g + 1264. Determine i(19).
10
Let s(a) = a**2 - 83*a + 962. Calculate s(21).
-340
Let m(i) = -i**3 + 41*i**2 - 115*i + 12. Determine m(38).
-26
Let o(h) = h**2 + 30*h - 172. Give o(-34).
-36
Let p(c) = 2*c**3 + 148*c**2 - 2669*c + 60. What is p(-89)?
-29
Let y(a) = a**2 - 13*a - 129. Give y(40).
951
Let v(f) = f**3 - 45*f**2 + 122*f + 94. Calculate v(42).
-74
Let u(t) = 251*t**3 + t**2 + 8*t + 8. Calculate u(-1).
-250
Let b(x) = -x**2 - 30*x + 644. Give b(15).
-31
Let d(k) = -656*k**2 + 12*k + 1. Calculate d(1).
-643
Let q(k) = -6*k**3 + 39*k**2 + 8*k - 90. Give q(6).
66
Let w(k) = -7*k + 116. Determine w(6).
74
Let i(v) = 2*v**2 + 121. Give i(9).
283
Let r(t) = t**2 - 19*t - 311. Determine r(-12).
61
Let x(h) = -17*h**2 - 1223*h + 70. Determine x(-72).
-2
Let b(i) = i**3 + 10*i**2 - 4*i + 13. Calculate b(0).
13
Let b(c) = -17*c**2 + 403*c - 35. Determine b(22).
603
Let f(u) = -u**3 + 262*u**2 - 264*u + 786. Give f(261).
3
Let j(t) = -321*t + 8340. What is j(26)?
-6
Let v(s) = 151*s + 1050. Give v(-7).
-7
Let c(p) = 17*p**2 + 11*p - 36. Determine c(2).
54
Let x(u) = -3*u**2 + 66*u. What is x(23)?
-69
Let v(c) = c**2 - 68*c + 131. Give v(2).
-1
Let i(b) = -b**3 + 12*b**2 - 16*b + 9. What is i(11)?
-46
Let t(h) = -h**3 - 13*h**2 - 19*h - 450. Give t(-14).
12
Let u(d) = -35*d - 4. Give u(-1).
31
Let a(i) = -9*i - 195. Calculate a(-31).
84
Let s(f) = -3*f**2 - 8*f - 78. What is s(8)?
-334
Let h(r) = -r**2 + 119*r - 677. Determine h(113).
1
Let y(c) = c**3 - 36*c**2 - 136*c - 45. Give y(-3).
12
Let u(d) = d**3 - 31*d**2 + 4*d - 88. Calculate u(31).
36
Let p(q) = 5*q**2 + 29*q + 26. Give p(-8).
114
Let b(r) = -r**3 - 15*r**2 + 37*r + 24. Calculate b(-17).
-27
Let i(b) = 33*b**2 + 26*b - 3. Calculate i(-2).
77
Let r(x) = -84*x**2 - 71*x - 5. Determine r(-2).
-199
Let g(q) = -q**3 - 9*q**2 - 4*q - 3. Give g(-10).
137
Let l(m) = -5*m**3 + 51*m**2 + 7*m - 10. Give l(10).
160
Let w(p) = p**3 + 14*p**2 - 35*p + 17. Give w(-15).
317
Let y(u) = -42*u - 199. Determine y(-8).
137
Let o(g) = -g**2 - 224*g + 2115. Give o(9).
18
Let h(q) = -9*q**2 + 9*q + 23. What is h(-2)?
-31
Let f(n) = -6171*n + 129602. Determine f(21).
11
Let a(r) = 16*r**2 + 1630*r + 1631. Give a(-1).
17
Let l(h) = -2*h**3 + 28*h**2 - 3*h - 35. Calculate l(14).
-77
Let h(f) = 16*f**2 + 135*f + 57. Calculate h(-8).
1
Let b(i) = 24*i**2 - 125*i + 168. Determine b(3).
9
Let c(j) = 199*j + 5796. Determine c(-29).
25
Let r(x) = 36*x**2 - 53*x - 173. What is r(-4)?
615
Let l(d) = -9*d**2 - 486*d - 2880. Give l(-6).
-288
Let q(h) = -h**2 + 718*h - 3564. What is q(5)?
1
Let o(v) = -4*v + 79. Calculate o(3).
67
Let q(f) = -64*f - 4734. Determine q(-74).
2
Let d(u) = -8*u**2 - 82*u - 80. What is d(-1)?
-6
Let o(q) = -5*q**3 - 128*q**2 + 71*q + 498. Give o(-26).
4
Let z(j) = -2*j**2 + 155*j - 2806. Give z(29).
7
Let w(r) = 19*r - 25. Determine w(-5).
-120
Let m(z) = -55*z - 248. Calculate m(-6).
82
Let o(u) = -268*u - 1876. Determine o(-7).
0
Let r(b) = -b**3 + 27*b**2 + 33*b - 131. Determine r(28).
9
Let l(g) = 97*g + 22496. Calculate l(-232).
-8
Let x(a) = a**3 + 6*a**2 - 49*a - 196. Calculate x(-9).
2
Let a(d) = -19*d**2 + 9*d + 8. Calculate a(-1).
-20
Let k(s) = -2*s**2 + 3*s + 5. Give k(-2).
-9
Let u(d) = 39*d - 248. Determine u(6).
-14
Let u(y) = y**3 + 36*y**2 + 34*y - 277. Calculate u(-35).
-242
Let j(v) = -2*v**2 - 137*v - 673. Determine j(-63).
20
Let p(s) = -s**2 - 21*s + 247. Determine p(-23).
201
Let z(i) = i**3 - 255*i**2 + 239*i + 3800. Determine z(254).
-10
Let x(m) = -97*m**2 + 55*m + 6. Calculate x(2).
-272
Let a(l) = l**2 - 2890*l - 2891. What is a(-1)?
0
Let y(n) = 3*n**2 - 30*n - 186. Determine y(-6).
102
Let t(c) = -38*c + 247. Calculate t(7).
-19
Let i(n) = 3*n**2 + 139*n + 138. What is i(-1)?
2
Let p(r) = -r**2 - 4*r + 54. What is p(-10)?
-6
Let t(x) = 7*x**3 - 43*x**2 + 110*x - 351. Give t(5).
-1
Let a(f) = f**3 + 28*f**2 - 31*f - 79. Determine a(-29).
-21
Let b(q) = -q**3 - 10*q**2 - 23*q - 225. Calculate b(-10).
5
Let z(x) = x**3 + 21*x**2 - 9*x - 587. What is z(-20)?
-7
Let f(b) = -16*b + 337. Give f(11).
161
Let h(f) = -49*f**2 - 22*f + 5. Determine h(-1).
-22
Let j(y) = y**2 + 138*y + 1311. What is j(-10)?
31
Let w(f) = f**2 - 24*f - 158. What is w(-6)?
22
Let b(a) = -a**3 - 23*a**2 + 685*a + 132. Give b(-40).
-68
Let b(a) = a**3 - 9*a**2 - 52*a - 6. Calculate b(14).
246
Let g(k) = -3176*k + 15908. Calculate g(5).
28
Let d(u) = -u**3 - u**2 + 94*u + 12. Calculate d(-10).
-28
Let n(j) = -10*j - 26. Calculate n(-11).
84
Let t(r) = -4342*r + 39083. What is t(9)?
5
Let r(l) = 2*l**3 + 104*l**2 - 105*l + 86. Determine r(-53).
33
Let r(a) = a**3 - 40*a**2 + 122*a - 345. What is r(37)?
62
Let t(q) = -q**2 + 62*q - 710. Determine t(15).
-5
Let u(v) = 44*v - 2788. What is u(63)?
-16
Let a(w) = 55*w - 62. Give a(1).
-7
Let r(n) = n**2 - 31*n + 272. What is r(22)?
74
Let c(w) = -13*w - 922. What is c(-56)?
-194
Let n(z) = -z**3 + 22*z**2 + 18*z. Give n(23).
-115
Let m(k) = 2470*k - 86445. What is m(35)?
5
Let i(l) = l**3 + 15*l**2 + 43*l - 29. Calculate i(-11).
-18
Let w(i) = -i**3 - 13*i**2 - 13*i - 9. Calculate w(-12).
3
Let o(p) = -p**2 - 1472*p - 36193. Determine o(-25).
-18
Let n(i) = 355*i - 2169. What is n(6)?
-39
Let i(a) = 4*a**2 + 151*a - 546. Give i(-41).
-13
Let f(c) = c**3 + 16*c**2 + c - 2. What is f(-16)?
-18
Let d(s) = -2*s**3 - 35*s**2 - 43*s - 373. Give d(-17).
69
Let y(t) = t**3 + 6*t**2 - t - 6. Give y(4).
150
Let v(b) = 22*b + 1411. Calculate v(-64).
3
Let r(t) = 8*t**2 + 53*t + 9. Give r(-10).
279
Let n(f) = f**2 + 377*f - 6688. Calculate n(17).
10
Let m(t) = -171*t + 850. What is m(5)?
-5
Let o(x) = x**2 + 10*x - 7. Calculate o(-15).
68
Let l(